43436 (base 7) to base 4.
103010010
What is -1a2629b (base 12) in base 14?
-a3c099
What is 103331000331 (base 4) in base 11?
2a5295a
What is -4a9054 (base 14) in base 16?
-2710e2
What is 22211512 (base 6) in base 7?
5461424
What is 3111312 (base 6) in base 5?
14234442
What is 2102201 (base 4) in base 15?
2ba2
-1c83928 (base 13) to base 14
-139b019
Convert -1212745 (base 9) to base 12.
-278a72
Convert -525a0b (base 13) to base 3.
-10121212100110
What is 1121517 (base 8) in base 9?
512843
What is -122102020020 (base 3) in base 8?
-1235416
What is 65712 (base 16) in base 11?
2641a3
Convert -1581 (base 12) to base 2.
-100111110001
253062 (base 9) to base 7
1205330
Convert 1005543 (base 9) to base 13.
1599a8
What is -23001101011 (base 4) in base 9?
-5382577
1643322 (base 8) to base 16
746d2
What is -9509a (base 11) in base 13?
-4b095
Convert -123032231300 (base 4) to base 8.
-33165560
What is -87dac (base 14) in base 4?
-1100120110
What is 18b0c8 (base 13) in base 15?
c4dc7
Convert 97027 (base 11) to base 2.
100010011100111011
Convert 6152 (base 15) to base 6.
235052
What is -1791612 (base 11) in base 16?
-2e46b5
-9fa7 (base 16) to base 15
-c19b
100013 (base 7) to base 8
40661
Convert 121121102 (base 4) to base 6.
2121322
Convert 2cb248 (base 15) to base 6.
114214005
Convert -83a569 (base 13) to base 9.
-5712442
2ca8c (base 13) to base 16
14d2c
Convert -18c4a2 (base 15) to base 6.
-41502555
What is -1162436 (base 7) in base 2?
-100100100100001011
What is -2324220 (base 5) in base 8?
-122703
What is -6702044 (base 10) in base 8?
-31441734
Convert -11000001101000000000010 (base 2) to base 11.
-3643965
Convert -517645 (base 8) to base 16.
-29fa5
What is -72c7e5 (base 15) in base 11?
-3099608
-76674 (base 10) to base 3
-10220011210
Convert 167015 (base 12) to base 2.
1011110000101010001
What is 201402440 (base 5) in base 14?
17114d
Convert -3313462 (base 7) to base 6.
-12420234
Convert 22211312 (base 4) to base 7.
240323
Convert -443423 (base 7) to base 14.
-2064a
What is -3648317 (base 12) in base 13?
-2254222
What is 1142244442 (base 5) in base 13?
7356a9
-2466327 (base 10) to base 3
-11122022011110
Convert -64531 (base 8) to base 2.
-110100101011001
Convert 39625 (base 15) to base 11.
115a71
What is 26409c (base 13) in base 16?
e14f5
What is 163153664 (base 7) in base 4?
222103110203
23374057 (base 8) to base 3
100121121100010
1003233530 (base 6) to base 16
9c37fe
Convert -311244 (base 8) to base 12.
-4b798
What is 14056 (base 12) in base 9?
42013
7b51a4 (base 12) to base 10
1978828
Convert -112213002211 (base 4) to base 8.
-26470245
-22313203300 (base 4) to base 14
-5423a8
Convert 12333132301 (base 4) to base 7.
21402451
-46003023 (base 7) to base 15
-5407ac
What is -40150210 (base 6) in base 4?
-10110313332
Convert 9334a (base 13) to base 2.
1000000100000010001
What is 2444242321 (base 5) in base 4?
112110322210
Convert 24c93c (base 16) to base 11.
13a7308
31340430 (base 5) to base 12
107746
Convert -4b8a3 (base 12) to base 2.
-11001001100111011
Convert a25976 (base 15) to base 9.
15456563
What is -10010111011011101110001 (base 2) in base 3?
-100100002210202
Convert 2a002 (base 11) to base 4.
22121202
-4b4b4 (base 15) to base 7
-2021506
Convert 3ab79 (base 12) to base 6.
1423433
32345d (base 15) to base 8
11074730
Convert -10111122021 (base 3) to base 16.
-10d80
-837a11 (base 11) to base 4
-11013312112
-73984 (base 10) to base 8
-220400
What is 1162391 (base 10) in base 8?
4336227
What is -122020120022222 (base 3) in base 16?
-8bd3fc
Convert -20322333022 (base 4) to base 11.
-1358168
Convert 10211210212 (base 3) to base 13.
285a4
-2224300104 (base 5) to base 16
-4b01c6
What is 44c243 (base 13) in base 11?
a1084a
4a679 (base 13) to base 3
20222101020
Convert -12543 (base 16) to base 10.
-75075
What is 385817 (base 12) in base 9?
1655011
What is 1332031120 (base 4) in base 3?
222021010101
What is 12201431 (base 5) in base 8?
342232
What is 490b15 (base 12) in base 11?
739248
What is 203a4a0 (base 11) in base 9?
6687514
-131308 (base 9) to base 10
-79712
Convert -2401232042 (base 5) to base 7.
-64454625
Convert 278a62 (base 12) to base 4.
2200223222
-bb479 (base 12) to base 11
-15a179
-1024356 (base 7) to base 6
-2354043
What is 1919d (base 15) in base 9?
133554
What is -304bb7 (base 13) in base 8?
-4224504
-19b8c (base 16) to base 12
-50b78
What is 230111203 (base 4) in base 10?
181603
What is -542575 (base 11) in base 3?
-1122001112100
Convert -5501314 (base 8) to base 9.
-2687625
Convert 207223 (base 9) to base 16.
1e1f8
1534440 (base 6) to base 4
112011120
Convert 1302311121 (base 4) to base 3.
212220012210
What is -727375 (base 9) in base 15?
-87e6e
20111210000010 (base 3) to base 8
15145375
Convert 1619b12 (base 12) to base 13.
c21bcc
What is -376018 (base 9) in base 3?
-102120000122
Convert 3332224 (base 5) to base 3.
2222011102
What is -1c41a (base 14) in base 11?
-4a233
-144531213 (base 6) to base 16
-2e3839
Convert 2421100242 (base 5) to base 13.
1227b52
What is 205496 (base 12) in base 11?
316a04
Convert 2b07d8 (base 14) to base 9.
2735278
What is -16ba7 (base 15) in base 13?
-275c5
18e3c (base 15) to base 2
10011101111000000
Convert 2b5027 (base 15) to base 4.
13332313321
445234143 (base 6) to base 10
8091855
What is 1107746 (base 9) in base 5?
123034302
What is 240140 (base 7) in base 2?
1010100100011111
What is -4404585 (base 11) in base 5?
-3440031340
What is -2730547 (base 9) in base 4?
-11231110210
What is -622b4e (base 16) in base 8?
-30425516
Convert 9481a9 (base 13) to base 6.
202242125
What is 1727241 (base 8) in base 6?
14442453
-132300102021 (base 4) to base 12
-2849689
Convert 266602 (base 8) to base 13.
33789
Convert -3742834 (base 9) to base 16.
-1f114f
What is 3034353 (base 7) in base 12?
1553a3
10110111000101001 (base 2) to base 15
1cb92
4860664 (base 9) to base 6
132313134
Convert -1000214110 (base 5) to base 4.
-13132221102
-18155e (base 16) to base 11
-98890a
-1001011000010000000 (base 2) to base 14
-80000
Convert -188338 (base 12) to base 3.
-210210111122
What is -7410 (base 14) in base 13?
-914c
-405203 (base 8) to base 9
-223435
Convert -1000010101001111000 (base 2) to base 16.
-42a78
What is 114420 (base 8) in base 10?
39184
-203101001 (base 4) to base 11
-99588
Convert -4022043 (base 6) to base 7.
-1416663
Convert -7dc17c (base 15) to base 10.
-6014592
What is 1775b6 (base 13) in base 2?
10001111011101001001
What is 49928 (base 12) in base 9?
161835
Convert 4313221 (base 7) to base 16.
80110
What is -694967 (base 16) in base 2?
-11010010100100101100111
-7046b (base 13) to base 12
-98184
Convert 776aa9 (base 11) to base 13.
34503c
What is -42466452 (base 7) in base 10?
-3613395
13b23e7 (base 16) to base 8
116621747
What is -1101100011100110110 (base 2) in base 9?
-746311
What is a1d1a (base 16) in base 3?
1020200012112
Convert 10471907 (base 10) to base 13.
22285c4
What is -11244332 (base 6) in base 2?
-1010101000010100000
Convert 110721 (base 12) to base 16.
42109
-155370 (base 10) to base 16
-25eea
1100024 (base 7) to base 14
37014
What is 10141342 (base 5) in base 12?
40718
1d9c09 (base 16) to base 11
1105a11
What is -60cc89 (base 13) in base 5?
-1034200023
What is -715808 (base 15) in base 8?
-24425345
-7c5c (base 16) to base 2
-111110001011100
-5105215 (base 7) to base 4
-2110022131
Convert -100202646 (base 7) to base 5.
-2441040204
What is 121221201 (base 4) in base 8?
315141
What is -5030551 (base 6) in base 11?
-15238a
What is fe873 (base 16) in base 4?
3332201303
Convert 10100111011010011001001 (base 2) to base 10.
5485769
What is 1000100000000000010 (base 2) in base 6?
5545254
What is 32543042 (base 6) in base 10?
977858
-10020002110101 (base 3) to base 16
-1a2825
What is 28c435 (base 14) in base 4?
11121320133
Convert -11001100110111010100 (base 2) to base 9.
-1518050
Convert 10c2c (base 16) to base 5.
4144102
What is -d02ff (base 16) in base 15?
-11c9e0
Convert -61792 (base 12) to base 15.
-27a92
-88722 (base 9) to base 4
-32120123
What is 554353 (base 13) in base 5?
1003234013
What is -122322110 (base 4) in base 8?
-327224
What is -984165 (base 10) in base 4?
-3300101211
What is 13044402 (base 5) in base 9?
214645
Convert -209a31 (base 13) to base 16.
-ba8b9
Convert 343030130 (base 5) to base 12.
6